{"id":1267,"date":"2023-06-14T18:07:42","date_gmt":"2023-06-14T16:07:42","guid":{"rendered":"https:\/\/10.145.0.250\/neweb\/?page_id=1267"},"modified":"2025-01-09T22:38:42","modified_gmt":"2025-01-09T21:38:42","slug":"conditions-generales","status":"publish","type":"page","link":"https:\/\/gidm.fr\/?page_id=1267","title":{"rendered":"<div style=\"color:#0c3e5f\">Conditions g\u00e9n\u00e9rales<\/div>"},"content":{"rendered":"\t\t<div data-elementor-type=\"wp-page\" data-elementor-id=\"1267\" class=\"elementor elementor-1267\">\n\t\t\t\t<section class=\"elementor-section elementor-top-section elementor-element elementor-element-73068e76 elementor-section-boxed elementor-section-height-default elementor-section-height-default\" data-id=\"73068e76\" data-element_type=\"section\">\n\t\t\t\t\t\t<div class=\"elementor-container elementor-column-gap-default\">\n\t\t\t\t\t<div class=\"elementor-column elementor-col-100 elementor-top-column elementor-element elementor-element-6679c3cc\" data-id=\"6679c3cc\" data-element_type=\"column\">\n\t\t\t<div class=\"elementor-widget-wrap elementor-element-populated\">\n\t\t\t\t\t\t<div class=\"elementor-element elementor-element-4df1690d elementor-widget__width-initial elementor-widget elementor-widget-text-editor\" data-id=\"4df1690d\" data-element_type=\"widget\" data-widget_type=\"text-editor.default\">\n\t\t\t\t<div class=\"elementor-widget-container\"><p class=\"has-text-align-left\">Les pr\u00e9sentes Conditions G\u00e9n\u00e9rales r\u00e9gissent l&rsquo;utilisation du site internet gidm.fr . En acc\u00e9dant au Site et en l&rsquo;utilisant, vous acceptez ces Conditions G\u00e9n\u00e9rales dans leur int\u00e9gralit\u00e9. Si vous n&rsquo;acceptez pas ces Conditions G\u00e9n\u00e9rales, veuillez ne pas utiliser le Site.<\/p><div style=\"color: #0c3e5f;\">\n<h3 class=\"wp-block-heading\">1. Utilisation du Site<\/h3>\n<\/div><div style=\"color: #0c3e5f;\">\n<h4 class=\"wp-block-heading\">1.1 Contenu du Site<\/h4>\n<\/div><p>Le contenu du Site est fourni \u00e0 titre informatif et ne constitue pas un conseil ou une prestation de services professionnels. Toutes les informations fournies sur le Site sont sujettes \u00e0 modification sans pr\u00e9avis.<\/p><div style=\"color: #0c3e5f;\">\n<h4 class=\"wp-block-heading\">1.2 Acc\u00e8s au Site<\/h4>\n<\/div><p>Nous nous effor\u00e7ons de maintenir le Site accessible en permanence, mais nous ne pouvons garantir son accessibilit\u00e9 continue. Nous nous r\u00e9servons le droit de suspendre, de modifier ou de supprimer le Site \u00e0 tout moment, pour quelque raison que ce soit et sans pr\u00e9avis<\/p><div style=\"color: #0c3e5f;\">\n<h4 class=\"wp-block-heading\">1.3 Utilisation autoris\u00e9e<\/h4>\n<\/div><p>Vous vous engagez \u00e0 utiliser le Site conform\u00e9ment \u00e0 la loi en vigueur et \u00e0 ces Conditions G\u00e9n\u00e9rales. Vous ne devez pas utiliser le Site d&rsquo;une mani\u00e8re qui pourrait causer des dommages, une interruption, une alt\u00e9ration ou une atteinte \u00e0 la s\u00e9curit\u00e9 du Site ou de son contenu.<\/p><div style=\"color: #0c3e5f;\">\n<h3 class=\"wp-block-heading\">2. Propri\u00e9t\u00e9 intellectuelle<\/h3>\n<\/div><div style=\"color: #0c3e5f;\">\n<h4 class=\"wp-block-heading\">2.1 Droits d&rsquo;auteur<\/h4>\n<\/div><p>Tous les droits de propri\u00e9t\u00e9 intellectuelle relatifs au Site et \u00e0 son contenu, y compris mais sans s&rsquo;y limiter, les textes, les images, les logos, les vid\u00e9os et les \u00e9l\u00e9ments graphiques, sont la propri\u00e9t\u00e9 de GIDM. Toute utilisation non autoris\u00e9e de ces droits est strictement interdite.<\/p><div style=\"color: #0c3e5f;\">\n<h4 class=\"wp-block-heading\">2.2 Licence d&rsquo;utilisation<\/h4>\n<\/div><p>Sous r\u00e9serve du respect de ces Conditions G\u00e9n\u00e9rales, nous vous accordons une licence limit\u00e9e, non exclusive et r\u00e9vocable pour acc\u00e9der et utiliser le Site \u00e0 des fins personnelles et non commerciales.<\/p><div style=\"color: #0c3e5f;\">\n<h3 class=\"wp-block-heading\">3. Protection des donn\u00e9es personnelles<\/h3>\n<\/div><div style=\"color: #0c3e5f;\">\n<h4 class=\"wp-block-heading\">3.1 Collecte et utilisation des donn\u00e9es personnelles<\/h4>\n<\/div><p>Nous collectons et utilisons vos donn\u00e9es personnelles conform\u00e9ment \u00e0 notre Politique de Confidentialit\u00e9. En utilisant le Site, vous consentez \u00e0 la collecte et \u00e0 l&rsquo;utilisation de vos donn\u00e9es personnelles conform\u00e9ment \u00e0 notre Politique de Confidentialit\u00e9.<\/p><div style=\"color: #0c3e5f;\">\n<h4 class=\"wp-block-heading\">3.2 Cookies<\/h4>\n<\/div><p>\u00a0Le Site utilise des cookies pour am\u00e9liorer l&rsquo;exp\u00e9rience utilisateur. En utilisant le Site, vous consentez \u00e0 l&rsquo;utilisation de cookies conform\u00e9ment \u00e0 notre Politique de Cookies.<\/p><div style=\"color: #0c3e5f;\">\n<h3 class=\"wp-block-heading\">4. Limitation de responsabilit\u00e9<\/h3>\n<\/div><div style=\"color: #0c3e5f;\">\n<h4 class=\"wp-block-heading\">4.1 Exclusion de responsabilit\u00e9<\/h4>\n<\/div><p>Dans toute la mesure permise par la loi, nous d\u00e9clinons toute responsabilit\u00e9 quant aux dommages directs, indirects, accessoires, cons\u00e9cutifs ou sp\u00e9ciaux r\u00e9sultant de l&rsquo;utilisation ou de l&rsquo;incapacit\u00e9 d&rsquo;utiliser le Site ou de son contenu.<\/p><div style=\"color: #0c3e5f;\">\n<h4 class=\"wp-block-heading\">4.2 Disponibilit\u00e9 du Site<\/h4>\n<\/div><p>Nous ne garantissons pas que le Site sera exempt d&rsquo;erreurs, de virus, de bugs ou d&rsquo;autres \u00e9l\u00e9ments nuisibles. Vous \u00eates responsable de la mise en place de mesures de s\u00e9curit\u00e9 appropri\u00e9es pour prot\u00e9ger votre syst\u00e8me informatique.<\/p><div style=\"color: #0c3e5f;\">\n<h3 class=\"wp-block-heading\">5. Dispositions g\u00e9n\u00e9rales<\/h3>\n<\/div><div style=\"color: #0c3e5f;\">\n<h4 class=\"wp-block-heading\">5.1 Modification des Conditions G\u00e9n\u00e9rales<\/h4>\n<\/div><p>Nous nous r\u00e9servons le droit de modifier ces Conditions G\u00e9n\u00e9rales \u00e0 tout moment. Les modifications prendront effet d\u00e8s leur publication sur le Site. Il est de votre responsabilit\u00e9 de consulter r\u00e9guli\u00e8rement les Conditions G\u00e9n\u00e9rales pour \u00eatre inform\u00e9 des \u00e9ventuelles modifications.<\/p><div style=\"color: #0c3e5f;\">\n<h4 class=\"wp-block-heading\">5.2 Droit applicable et juridiction comp\u00e9tente<\/h4>\n<\/div><p>Les pr\u00e9sentes Conditions G\u00e9n\u00e9rales sont r\u00e9gies et interpr\u00e9t\u00e9es conform\u00e9ment aux lois en vigueur. Tout litige relatif aux pr\u00e9sentes Conditions G\u00e9n\u00e9rales sera soumis \u00e0 la juridiction exclusive des tribunaux comp\u00e9tents.<\/p><p>En utilisant le Site, vous acceptez ces Conditions G\u00e9n\u00e9rales et vous vous engagez \u00e0 les respecter. Si vous n&rsquo;acceptez pas ces Conditions G\u00e9n\u00e9rales, veuillez ne pas utiliser le Site.<\/p><\/div>\n\t\t\t\t<\/div>\n\t\t\t\t\t<\/div>\n\t\t<\/div>\n\t\t\t\t\t<\/div>\n\t\t<\/section>\t\t<\/div>\n\t\t","protected":false},"excerpt":{"rendered":"<p>Les pr\u00e9sentes Conditions G\u00e9n\u00e9rales r\u00e9gissent l&rsquo;utilisation du site internet gidm.fr . En acc\u00e9dant au Site et en l&rsquo;utilisant, vous acceptez ces Conditions G\u00e9n\u00e9rales dans leur int\u00e9gralit\u00e9. Si vous n&rsquo;acceptez pas ces Conditions G\u00e9n\u00e9rales, veuillez ne pas utiliser le Site. 1. Utilisation du Site 1.1 Contenu du Site Le contenu du Site est fourni \u00e0 titre<\/p>\n","protected":false},"author":1,"featured_media":0,"parent":0,"menu_order":0,"comment_status":"closed","ping_status":"closed","template":"","meta":{"footnotes":""},"class_list":["post-1267","page","type-page","status-publish","hentry"],"jetpack_sharing_enabled":true,"acf":[],"_links":{"self":[{"href":"https:\/\/gidm.fr\/index.php?rest_route=\/wp\/v2\/pages\/1267","targetHints":{"allow":["GET"]}}],"collection":[{"href":"https:\/\/gidm.fr\/index.php?rest_route=\/wp\/v2\/pages"}],"about":[{"href":"https:\/\/gidm.fr\/index.php?rest_route=\/wp\/v2\/types\/page"}],"author":[{"embeddable":true,"href":"https:\/\/gidm.fr\/index.php?rest_route=\/wp\/v2\/users\/1"}],"replies":[{"embeddable":true,"href":"https:\/\/gidm.fr\/index.php?rest_route=%2Fwp%2Fv2%2Fcomments&post=1267"}],"version-history":[{"count":20,"href":"https:\/\/gidm.fr\/index.php?rest_route=\/wp\/v2\/pages\/1267\/revisions"}],"predecessor-version":[{"id":1711,"href":"https:\/\/gidm.fr\/index.php?rest_route=\/wp\/v2\/pages\/1267\/revisions\/1711"}],"wp:attachment":[{"href":"https:\/\/gidm.fr\/index.php?rest_route=%2Fwp%2Fv2%2Fmedia&parent=1267"}],"curies":[{"name":"wp","href":"https:\/\/api.w.org\/{rel}","templated":true}]}}